{"id":2366,"date":"2023-07-26T15:09:46","date_gmt":"2023-07-26T15:09:46","guid":{"rendered":"https:\/\/www.windtechnic.com\/?post_type=proyectos_windtechni&#038;p=2366"},"modified":"2023-12-11T14:24:46","modified_gmt":"2023-12-11T14:24:46","slug":"cabezo-negro-jaulin-alaiz-la-camara-el-boyal","status":"publish","type":"proyectos_windtechni","link":"https:\/\/www.windtechnic.com\/es\/proyectos_windtechni\/cabezo-negro-jaulin-alaiz-la-camara-el-boyal\/","title":{"rendered":"Cabezo Negro, Jaul\u00edn, Alaiz, La C\u00e1mara y El Boyal"},"content":{"rendered":"","protected":false},"excerpt":{"rendered":"","protected":false},"featured_media":2464,"menu_order":0,"template":"","format":"standard","meta":{"_acf_changed":false},"categories":[14],"class_list":["post-2366","proyectos_windtechni","type-proyectos_windtechni","status-publish","format-standard","has-post-thumbnail","hentry","category-construccion"],"acf":[],"yoast_head":"<!-- This site is optimized with the Yoast SEO plugin v27.2 - https:\/\/yoast.com\/product\/yoast-seo-wordpress\/ -->\n<title>Cabezo Negro, Jaul\u00edn, Alaiz, La C\u00e1mara y El Boyal - Windtechnic<\/title>\n<meta name=\"robots\" content=\"index, follow, max-snippet:-1, max-image-preview:large, max-video-preview:-1\" \/>\n<link rel=\"canonical\" href=\"https:\/\/www.windtechnic.com\/es\/proyectos_windtechni\/cabezo-negro-jaulin-alaiz-la-camara-el-boyal\/\" \/>\n<meta property=\"og:locale\" content=\"es_ES\" \/>\n<meta property=\"og:type\" content=\"article\" \/>\n<meta property=\"og:title\" content=\"Cabezo Negro, Jaul\u00edn, Alaiz, La C\u00e1mara y El Boyal - Windtechnic\" \/>\n<meta property=\"og:url\" content=\"https:\/\/www.windtechnic.com\/es\/proyectos_windtechni\/cabezo-negro-jaulin-alaiz-la-camara-el-boyal\/\" \/>\n<meta property=\"og:site_name\" content=\"Windtechnic\" \/>\n<meta property=\"article:modified_time\" content=\"2023-12-11T14:24:46+00:00\" \/>\n<meta property=\"og:image\" content=\"https:\/\/www.windtechnic.com\/wp-content\/uploads\/2023\/07\/Jaulin-dest-2.webp\" \/>\n\t<meta property=\"og:image:width\" content=\"1200\" \/>\n\t<meta property=\"og:image:height\" content=\"1199\" \/>\n\t<meta property=\"og:image:type\" content=\"image\/webp\" \/>\n<meta name=\"twitter:card\" content=\"summary_large_image\" \/>\n<script type=\"application\/ld+json\" class=\"yoast-schema-graph\">{\"@context\":\"https:\/\/schema.org\",\"@graph\":[{\"@type\":\"WebPage\",\"@id\":\"https:\/\/www.windtechnic.com\/es\/proyectos_windtechni\/cabezo-negro-jaulin-alaiz-la-camara-el-boyal\/\",\"url\":\"https:\/\/www.windtechnic.com\/es\/proyectos_windtechni\/cabezo-negro-jaulin-alaiz-la-camara-el-boyal\/\",\"name\":\"Cabezo Negro, Jaul\u00edn, Alaiz, La C\u00e1mara y El Boyal - Windtechnic\",\"isPartOf\":{\"@id\":\"https:\/\/www.windtechnic.com\/#website\"},\"primaryImageOfPage\":{\"@id\":\"https:\/\/www.windtechnic.com\/es\/proyectos_windtechni\/cabezo-negro-jaulin-alaiz-la-camara-el-boyal\/#primaryimage\"},\"image\":{\"@id\":\"https:\/\/www.windtechnic.com\/es\/proyectos_windtechni\/cabezo-negro-jaulin-alaiz-la-camara-el-boyal\/#primaryimage\"},\"thumbnailUrl\":\"https:\/\/www.windtechnic.com\/wp-content\/uploads\/2023\/07\/Jaulin-dest-2.webp\",\"datePublished\":\"2023-07-26T15:09:46+00:00\",\"dateModified\":\"2023-12-11T14:24:46+00:00\",\"breadcrumb\":{\"@id\":\"https:\/\/www.windtechnic.com\/es\/proyectos_windtechni\/cabezo-negro-jaulin-alaiz-la-camara-el-boyal\/#breadcrumb\"},\"inLanguage\":\"es\",\"potentialAction\":[{\"@type\":\"ReadAction\",\"target\":[\"https:\/\/www.windtechnic.com\/es\/proyectos_windtechni\/cabezo-negro-jaulin-alaiz-la-camara-el-boyal\/\"]}]},{\"@type\":\"ImageObject\",\"inLanguage\":\"es\",\"@id\":\"https:\/\/www.windtechnic.com\/es\/proyectos_windtechni\/cabezo-negro-jaulin-alaiz-la-camara-el-boyal\/#primaryimage\",\"url\":\"https:\/\/www.windtechnic.com\/wp-content\/uploads\/2023\/07\/Jaulin-dest-2.webp\",\"contentUrl\":\"https:\/\/www.windtechnic.com\/wp-content\/uploads\/2023\/07\/Jaulin-dest-2.webp\",\"width\":1200,\"height\":1199},{\"@type\":\"BreadcrumbList\",\"@id\":\"https:\/\/www.windtechnic.com\/es\/proyectos_windtechni\/cabezo-negro-jaulin-alaiz-la-camara-el-boyal\/#breadcrumb\",\"itemListElement\":[{\"@type\":\"ListItem\",\"position\":1,\"name\":\"Home\",\"item\":\"https:\/\/www.windtechnic.com\/es\/\"},{\"@type\":\"ListItem\",\"position\":2,\"name\":\"Cabezo Negro, Jaul\u00edn, Alaiz, La C\u00e1mara y El Boyal\"}]},{\"@type\":\"WebSite\",\"@id\":\"https:\/\/www.windtechnic.com\/#website\",\"url\":\"https:\/\/www.windtechnic.com\/\",\"name\":\"Windtechnic\",\"description\":\"L\u00edderes en torres h\u00edbridas de hormig\u00f3n prefabricado y servicios de ingenier\u00eda personalizados\",\"publisher\":{\"@id\":\"https:\/\/www.windtechnic.com\/#organization\"},\"alternateName\":\"Windtechnic\",\"potentialAction\":[{\"@type\":\"SearchAction\",\"target\":{\"@type\":\"EntryPoint\",\"urlTemplate\":\"https:\/\/www.windtechnic.com\/?s={search_term_string}\"},\"query-input\":{\"@type\":\"PropertyValueSpecification\",\"valueRequired\":true,\"valueName\":\"search_term_string\"}}],\"inLanguage\":\"es\"},{\"@type\":\"Organization\",\"@id\":\"https:\/\/www.windtechnic.com\/#organization\",\"name\":\"Windtechnic\",\"alternateName\":\"Windtechnic\",\"url\":\"https:\/\/www.windtechnic.com\/\",\"logo\":{\"@type\":\"ImageObject\",\"inLanguage\":\"es\",\"@id\":\"https:\/\/www.windtechnic.com\/#\/schema\/logo\/image\/\",\"url\":\"https:\/\/www.windtechnic.com\/wp-content\/uploads\/2023\/07\/logo-windtechnic-2023@3x.png\",\"contentUrl\":\"https:\/\/www.windtechnic.com\/wp-content\/uploads\/2023\/07\/logo-windtechnic-2023@3x.png\",\"width\":1234,\"height\":203,\"caption\":\"Windtechnic\"},\"image\":{\"@id\":\"https:\/\/www.windtechnic.com\/#\/schema\/logo\/image\/\"},\"sameAs\":[\"https:\/\/www.linkedin.com\/company\/windtechnic-engineering\/\"]}]}<\/script>\n<!-- \/ Yoast SEO plugin. -->","yoast_head_json":{"title":"Cabezo Negro, Jaul\u00edn, Alaiz, La C\u00e1mara y El Boyal - Windtechnic","robots":{"index":"index","follow":"follow","max-snippet":"max-snippet:-1","max-image-preview":"max-image-preview:large","max-video-preview":"max-video-preview:-1"},"canonical":"https:\/\/www.windtechnic.com\/es\/proyectos_windtechni\/cabezo-negro-jaulin-alaiz-la-camara-el-boyal\/","og_locale":"es_ES","og_type":"article","og_title":"Cabezo Negro, Jaul\u00edn, Alaiz, La C\u00e1mara y El Boyal - Windtechnic","og_url":"https:\/\/www.windtechnic.com\/es\/proyectos_windtechni\/cabezo-negro-jaulin-alaiz-la-camara-el-boyal\/","og_site_name":"Windtechnic","article_modified_time":"2023-12-11T14:24:46+00:00","og_image":[{"width":1200,"height":1199,"url":"https:\/\/www.windtechnic.com\/wp-content\/uploads\/2023\/07\/Jaulin-dest-2.webp","type":"image\/webp"}],"twitter_card":"summary_large_image","schema":{"@context":"https:\/\/schema.org","@graph":[{"@type":"WebPage","@id":"https:\/\/www.windtechnic.com\/es\/proyectos_windtechni\/cabezo-negro-jaulin-alaiz-la-camara-el-boyal\/","url":"https:\/\/www.windtechnic.com\/es\/proyectos_windtechni\/cabezo-negro-jaulin-alaiz-la-camara-el-boyal\/","name":"Cabezo Negro, Jaul\u00edn, Alaiz, La C\u00e1mara y El Boyal - Windtechnic","isPartOf":{"@id":"https:\/\/www.windtechnic.com\/#website"},"primaryImageOfPage":{"@id":"https:\/\/www.windtechnic.com\/es\/proyectos_windtechni\/cabezo-negro-jaulin-alaiz-la-camara-el-boyal\/#primaryimage"},"image":{"@id":"https:\/\/www.windtechnic.com\/es\/proyectos_windtechni\/cabezo-negro-jaulin-alaiz-la-camara-el-boyal\/#primaryimage"},"thumbnailUrl":"https:\/\/www.windtechnic.com\/wp-content\/uploads\/2023\/07\/Jaulin-dest-2.webp","datePublished":"2023-07-26T15:09:46+00:00","dateModified":"2023-12-11T14:24:46+00:00","breadcrumb":{"@id":"https:\/\/www.windtechnic.com\/es\/proyectos_windtechni\/cabezo-negro-jaulin-alaiz-la-camara-el-boyal\/#breadcrumb"},"inLanguage":"es","potentialAction":[{"@type":"ReadAction","target":["https:\/\/www.windtechnic.com\/es\/proyectos_windtechni\/cabezo-negro-jaulin-alaiz-la-camara-el-boyal\/"]}]},{"@type":"ImageObject","inLanguage":"es","@id":"https:\/\/www.windtechnic.com\/es\/proyectos_windtechni\/cabezo-negro-jaulin-alaiz-la-camara-el-boyal\/#primaryimage","url":"https:\/\/www.windtechnic.com\/wp-content\/uploads\/2023\/07\/Jaulin-dest-2.webp","contentUrl":"https:\/\/www.windtechnic.com\/wp-content\/uploads\/2023\/07\/Jaulin-dest-2.webp","width":1200,"height":1199},{"@type":"BreadcrumbList","@id":"https:\/\/www.windtechnic.com\/es\/proyectos_windtechni\/cabezo-negro-jaulin-alaiz-la-camara-el-boyal\/#breadcrumb","itemListElement":[{"@type":"ListItem","position":1,"name":"Home","item":"https:\/\/www.windtechnic.com\/es\/"},{"@type":"ListItem","position":2,"name":"Cabezo Negro, Jaul\u00edn, Alaiz, La C\u00e1mara y El Boyal"}]},{"@type":"WebSite","@id":"https:\/\/www.windtechnic.com\/#website","url":"https:\/\/www.windtechnic.com\/","name":"Windtechnic","description":"L\u00edderes en torres h\u00edbridas de hormig\u00f3n prefabricado y servicios de ingenier\u00eda personalizados","publisher":{"@id":"https:\/\/www.windtechnic.com\/#organization"},"alternateName":"Windtechnic","potentialAction":[{"@type":"SearchAction","target":{"@type":"EntryPoint","urlTemplate":"https:\/\/www.windtechnic.com\/?s={search_term_string}"},"query-input":{"@type":"PropertyValueSpecification","valueRequired":true,"valueName":"search_term_string"}}],"inLanguage":"es"},{"@type":"Organization","@id":"https:\/\/www.windtechnic.com\/#organization","name":"Windtechnic","alternateName":"Windtechnic","url":"https:\/\/www.windtechnic.com\/","logo":{"@type":"ImageObject","inLanguage":"es","@id":"https:\/\/www.windtechnic.com\/#\/schema\/logo\/image\/","url":"https:\/\/www.windtechnic.com\/wp-content\/uploads\/2023\/07\/logo-windtechnic-2023@3x.png","contentUrl":"https:\/\/www.windtechnic.com\/wp-content\/uploads\/2023\/07\/logo-windtechnic-2023@3x.png","width":1234,"height":203,"caption":"Windtechnic"},"image":{"@id":"https:\/\/www.windtechnic.com\/#\/schema\/logo\/image\/"},"sameAs":["https:\/\/www.linkedin.com\/company\/windtechnic-engineering\/"]}]}},"_links":{"self":[{"href":"https:\/\/www.windtechnic.com\/es\/wp-json\/wp\/v2\/proyectos_windtechni\/2366","targetHints":{"allow":["GET"]}}],"collection":[{"href":"https:\/\/www.windtechnic.com\/es\/wp-json\/wp\/v2\/proyectos_windtechni"}],"about":[{"href":"https:\/\/www.windtechnic.com\/es\/wp-json\/wp\/v2\/types\/proyectos_windtechni"}],"version-history":[{"count":13,"href":"https:\/\/www.windtechnic.com\/es\/wp-json\/wp\/v2\/proyectos_windtechni\/2366\/revisions"}],"predecessor-version":[{"id":5578,"href":"https:\/\/www.windtechnic.com\/es\/wp-json\/wp\/v2\/proyectos_windtechni\/2366\/revisions\/5578"}],"wp:featuredmedia":[{"embeddable":true,"href":"https:\/\/www.windtechnic.com\/es\/wp-json\/wp\/v2\/media\/2464"}],"wp:attachment":[{"href":"https:\/\/www.windtechnic.com\/es\/wp-json\/wp\/v2\/media?parent=2366"}],"wp:term":[{"taxonomy":"category","embeddable":true,"href":"https:\/\/www.windtechnic.com\/es\/wp-json\/wp\/v2\/categories?post=2366"}],"curies":[{"name":"wp","href":"https:\/\/api.w.org\/{rel}","templated":true}]}}

Cabezo Negro, Jaulín, Alaiz, La Cámara y El Boyal

<!-- This site is optimized with the Yoast SEO plugin v27.2 - https://yoast.com/product/yoast-seo-wordpress/ -->
<title>Cabezo Negro, Jaulín, Alaiz, La Cámara y El Boyal - Windtechnic</title>
<meta name="robots" content="index, follow, max-snippet:-1, max-image-preview:large, max-video-preview:-1" />
<link rel="canonical" href="https://www.windtechnic.com/es/proyectos_windtechni/cabezo-negro-jaulin-alaiz-la-camara-el-boyal/" />
<meta property="og:locale" content="es_ES" />
<meta property="og:type" content="article" />
<meta property="og:title" content="Cabezo Negro, Jaulín, Alaiz, La Cámara y El Boyal - Windtechnic" />
<meta property="og:url" content="https://www.windtechnic.com/es/proyectos_windtechni/cabezo-negro-jaulin-alaiz-la-camara-el-boyal/" />
<meta property="og:site_name" content="Windtechnic" />
<meta property="article:modified_time" content="2023-12-11T14:24:46+00:00" />
<meta property="og:image" content="https://www.windtechnic.com/wp-content/uploads/2023/07/Jaulin-dest-2.webp" />
	<meta property="og:image:width" content="1200" />
	<meta property="og:image:height" content="1199" />
	<meta property="og:image:type" content="image/webp" />
<meta name="twitter:card" content="summary_large_image" />
<script type="application/ld+json" class="yoast-schema-graph">{"@context":"https://schema.org","@graph":[{"@type":"WebPage","@id":"https://www.windtechnic.com/es/proyectos_windtechni/cabezo-negro-jaulin-alaiz-la-camara-el-boyal/","url":"https://www.windtechnic.com/es/proyectos_windtechni/cabezo-negro-jaulin-alaiz-la-camara-el-boyal/","name":"Cabezo Negro, Jaulín, Alaiz, La Cámara y El Boyal - Windtechnic","isPartOf":{"@id":"https://www.windtechnic.com/#website"},"primaryImageOfPage":{"@id":"https://www.windtechnic.com/es/proyectos_windtechni/cabezo-negro-jaulin-alaiz-la-camara-el-boyal/#primaryimage"},"image":{"@id":"https://www.windtechnic.com/es/proyectos_windtechni/cabezo-negro-jaulin-alaiz-la-camara-el-boyal/#primaryimage"},"thumbnailUrl":"https://www.windtechnic.com/wp-content/uploads/2023/07/Jaulin-dest-2.webp","datePublished":"2023-07-26T15:09:46+00:00","dateModified":"2023-12-11T14:24:46+00:00","breadcrumb":{"@id":"https://www.windtechnic.com/es/proyectos_windtechni/cabezo-negro-jaulin-alaiz-la-camara-el-boyal/#breadcrumb"},"inLanguage":"es","potentialAction":[{"@type":"ReadAction","target":["https://www.windtechnic.com/es/proyectos_windtechni/cabezo-negro-jaulin-alaiz-la-camara-el-boyal/"]}]},{"@type":"ImageObject","inLanguage":"es","@id":"https://www.windtechnic.com/es/proyectos_windtechni/cabezo-negro-jaulin-alaiz-la-camara-el-boyal/#primaryimage","url":"https://www.windtechnic.com/wp-content/uploads/2023/07/Jaulin-dest-2.webp","contentUrl":"https://www.windtechnic.com/wp-content/uploads/2023/07/Jaulin-dest-2.webp","width":1200,"height":1199},{"@type":"BreadcrumbList","@id":"https://www.windtechnic.com/es/proyectos_windtechni/cabezo-negro-jaulin-alaiz-la-camara-el-boyal/#breadcrumb","itemListElement":[{"@type":"ListItem","position":1,"name":"Home","item":"https://www.windtechnic.com/es/"},{"@type":"ListItem","position":2,"name":"Cabezo Negro, Jaulín, Alaiz, La Cámara y El Boyal"}]},{"@type":"WebSite","@id":"https://www.windtechnic.com/#website","url":"https://www.windtechnic.com/","name":"Windtechnic","description":"Líderes en torres híbridas de hormigón prefabricado y servicios de ingeniería personalizados","publisher":{"@id":"https://www.windtechnic.com/#organization"},"alternateName":"Windtechnic","potentialAction":[{"@type":"SearchAction","target":{"@type":"EntryPoint","urlTemplate":"https://www.windtechnic.com/?s={search_term_string}"},"query-input":{"@type":"PropertyValueSpecification","valueRequired":true,"valueName":"search_term_string"}}],"inLanguage":"es"},{"@type":"Organization","@id":"https://www.windtechnic.com/#organization","name":"Windtechnic","alternateName":"Windtechnic","url":"https://www.windtechnic.com/","logo":{"@type":"ImageObject","inLanguage":"es","@id":"https://www.windtechnic.com/#/schema/logo/image/","url":"https://www.windtechnic.com/wp-content/uploads/2023/07/logo-windtechnic-2023@3x.png","contentUrl":"https://www.windtechnic.com/wp-content/uploads/2023/07/logo-windtechnic-2023@3x.png","width":1234,"height":203,"caption":"Windtechnic"},"image":{"@id":"https://www.windtechnic.com/#/schema/logo/image/"},"sameAs":["https://www.linkedin.com/company/windtechnic-engineering/"]}]}</script>
<!-- / Yoast SEO plugin. -->

Cabezo Negro, Jaulín, Alaiz, La Cámara y El Boyal - Windtechnic

Líderes en torres híbridas de hormigón prefabricado y servicios de ingeniería personalizados
